**3 - y**2 - 5*y + 10. What is a(4)?
166
Let w(f) = 60*f + 1726. Determine w(-29).
-14
Let p(m) = m**3 - 11*m**2 + 9*m - 19. What is p(8)?
-139
Let m(f) = -2*f**3 - 117*f**2 - 83*f - 1454. Determine m(-58).
-4
Let g(y) = y**2 - 65*y + 952. Calculate g(39).
-62
Let s(u) = u**3 - 134*u**2 - 6962*u + 348. Determine s(174).
0
Let j(x) = 224*x - 937. Calculate j(4).
-41
Let o(x) = -x**3 + 26*x**2 + 22*x - 24. Calculate o(27).
-159
Let y(q) = -q**3 - 51*q**2 - 51*q - 54. What is y(-50)?
-4
Let k(u) = -18*u**2 - 1478*u - 162. What is k(-82)?
2
Let t(v) = -v**3 - 6*v**2 + 95*v + 12. Determine t(-13).
-40
Let c(y) = 570*y - 2424. What is c(4)?
-144
Let o(w) = -234*w - 7056. Determine o(-30).
-36
Let f(c) = c**3 + 31*c**2 + 105*c - 59. Give f(-27).
22
Let v(b) = 44*b**2 + 207*b - 65. What is v(-5)?
0
Let n(o) = 2*o**2 - 143*o + 13. Give n(0).
13
Let l(a) = -a**3 - 14*a**2 + 174*a + 10. Give l(8).
-6
Let t(n) = 28*n**3 + 83*n**2 + 6*n + 26. Calculate t(-3).
-1
Let l(t) = -118*t - 3538. What is l(-30)?
2
Let j(b) = -2*b + 256. What is j(105)?
46
Let j(w) = -w**3 + 4*w**2 - 138*w + 90. What is j(0)?
90
Let c(y) = 18*y**2 + 19*y - 390. Determine c(-5).
-35
Let i(o) = -o**3 + 13*o**2 - 43*o + 10. Calculate i(8).
-14
Let y(n) = n**3 - 8*n**2 + 5*n + 120. Calculate y(8).
160
Let m(y) = 3*y**2 + 19*y + 20. Calculate m(-6).
14
Let q(h) = -30*h - 2112. Calculate q(-72).
48
Let k(n) = -n**3 + 24*n**2 - 122*n + 47. Calculate k(17).
-4
Let x(c) = 39*c - 9568. Determine x(245).
-13
Let p(n) = -63*n - 9. What is p(1)?
-72
Let q(u) = -u**3 - 9*u**2 - 17*u + 8. Give q(-5).
-7
Let u(s) = s**2 + 48*s + 396. What is u(-9)?
45
Let f(n) = -n**2 - 8*n - 12. Calculate f(-6).
0
Let o(a) = -71*a**2 - 18*a - 6. Calculate o(1).
-95
Let v(s) = -s**3 - 12*s**2 - s + 24. Give v(-13).
206
Let z(i) = 7*i**3 - 187*i**2 - 54*i - 14. Give z(27).
-14
Let o(y) = y**3 - 7*y**2 + 2*y - 1. What is o(5)?
-41
Let b(f) = -231*f + 395. Calculate b(2).
-67
Let r(m) = m**2 - 43*m - 22. Determine r(44).
22
Let z(u) = 32*u**2 + 472*u - 124. What is z(-15)?
-4
Let d(y) = -y**2 + 59*y - 493. Give d(10).
-3
Let q(l) = -195*l + 1184. Calculate q(6).
14
Let w(g) = -263*g + 24975. Give w(95).
-10
Let h(w) = w**3 - 107*w**2 + 965*w + 51. Calculate h(10).
1
Let h(v) = 392*v + 3210. Calculate h(-8).
74
Let g(s) = 117*s**2 + 2222*s - 18. What is g(-19)?
1
Let y(h) = -h**3 + 6*h**2 + 11*h - 79. Give y(7).
-51
Let d(y) = -1503*y + 12026. Calculate d(8).
2
Let s(z) = 1309*z - 6538. Determine s(5).
7
Let i(a) = -2*a**2 - 63*a + 146. What is i(-34)?
-24
Let w(u) = u**3 - 10*u**2 - 35*u - 11. What is w(13)?
41
Let v(g) = -2*g**3 - 14*g**2 - 44*g - 47. What is v(-4)?
33
Let t(z) = z**2 - 35*z - 770. What is t(-15)?
-20
Let t(z) = 5*z**3 - 237*z**2 + 2122*z + 27. What is t(12)?
3
Let h(w) = -162*w + 1624. Determine h(10).
4
Let r(i) = -15*i**2 - 102*i + 469. Calculate r(-10).
-11
Let w(u) = -u**3 - 31*u**2 + 755*u + 23141. Determine w(-32).
5
Let p(w) = -w**3 + 16*w**2 - 35*w + 36. Calculate p(11).
256
Let s(m) = 3*m**3 + 100*m**2 + 123*m - 187. Give s(-32).
-27
Let u(h) = -h**2 - 3*h - 25. What is u(-10)?
-95
Let w(q) = -138*q - 714. Calculate w(-5).
-24
Let g(x) = x**2 - 156*x - 798. Determine g(-5).
7
Let l(y) = 2*y**3 - 29*y**2 + 76*y - 479. What is l(13)?
2
Let a(y) = -249*y - 501. Determine a(-2).
-3
Let n(k) = 2*k**3 - 20*k**2 - 33*k - 15. Give n(11).
-136
Let y(u) = -211*u + 1311. Give y(6).
45
Let o(c) = 8*c**2 + 9*c - 11. Calculate o(2).
39
Let q(z) = -z**3 + 21*z**2 + 33*z - 221. Give q(22).
21
Let j(h) = h**3 - 16*h**2 + 76*h - 27. Give j(7).
64
Let g(w) = -w**2 + 25*w - 14. What is g(5)?
86
Let i(t) = -24*t**2 + 216*t - 49. Give i(8).
143
Let a(c) = 8*c**3 + 2*c**2 - 51*c + 96. Give a(2).
66
Let u(c) = -3*c**2 + 218*c - 3393. Give u(50).
7
Let k(l) = 65*l - 657. What is k(10)?
-7
Let i(l) = 2*l**2 - 126*l - 681. Calculate i(68).
-1
Let a(o) = -2*o**2 + 73*o + 336. Calculate a(-4).
12
Let g(q) = -54*q + 261. Calculate g(5).
-9
Let k(l) = -265*l - 1583. Calculate k(-6).
7
Let h(r) = -37*r - 169. Calculate h(-5).
16
Let f(w) = 7*w + 95. Determine f(-10).
25
Let d(x) = -2*x**2 + 299*x - 1170. What is d(4)?
-6
Let h(z) = z**2 - 635*z + 78164. Give h(167).
8
Let b(x) = 7*x**2 + 79*x - 406. Determine b(-15).
-16
Let d(v) = -v**3 - 7*v**2 + 27*v + 55. Give d(-9).
-26
Let b(n) = 6*n**2 - 47*n + 52. Give b(7).
17
Let d(l) = -l**3 - 6*l**2 + 26*l + 133. What is d(-8)?
53
Let z(v) = -v**3 + 9*v**2 + 60*v - 102. What is z(13)?
2
Let r(a) = -a**3 - 6*a**2 + 250*a + 45. What is r(-19)?
-12
Let k(g) = -167*g + 4338. Give k(26).
-4
Let m(x) = -40*x + 1049. Give m(27).
-31
Let q(o) = 2*o**2 - 143*o - 698. Give q(76).
-14
Let i(b) = -14*b - 114. Give i(-8).
-2
Let j(k) = -4*k - 2. Determine j(-8).
30
Let n(z) = -7*z**2 + 328. Calculate n(0).
328
Let q(n) = 94*n - 2846. Calculate q(32).
162
Let w(d) = -4*d**2 + 148*d + 443. Give w(-3).
-37
Let f(z) = 24478*z - 465079. Give f(19).
3
Let q(a) = a**2 - 143*a + 3226. Calculate q(28).
6
Let r(m) = 5*m**2 - 463*m - 171. Calculate r(93).
15
Let u(g) = -g**3 - 11*g**2 + 240*g - 29. Determine u(11).
-51
Let t(j) = -j**3 + 23*j**2 + 22*j + 44. Determine t(24).
-4
Let n(s) = -6*s - 18. Determine n(-32).
174
Let v(r) = 2*r**2 + 138*r + 7. Calculate v(-7).
-861
Let m(h) = -h**3 - 5*h**2 + 37*h + 85. Calculate m(-8).
-19
Let a(y) = 161*y + 2251. Calculate a(-14).
-3
Let x(v) = -v**3 + 39*v**2 + 42*v - 42. Calculate x(40).
38
Let r(s) = 13*s**2 - 2236*s + 4474. What is r(2)?
54
Let n(b) = b**2 - 10*b - 436. Determine n(27).
23
Let h(p) = 6*p**3 - 164*p**2 + 50*p + 92. Determine h(27).
-16
Let y(i) = -18*i - 114. Give y(-6).
-6
Let c(w) = w**3 - 119*w**2 + 7*w - 836. Determine c(119).
-3
Let m(t) = t**2 - 10*t + 38. Determine m(4).
14
Let p(i) = -2*i**2 + 62*i + 1755. Give p(49).
-9
Let t(y) = -y**3 - 20*y**2 - 65*y - 6. Give t(-3).
36
Let f(a) = 282*a + 543. Calculate f(-2).
-21
Let o(d) = 527*d + 1072. Calculate o(-2).
18
Let c(b) = b**3 - 16*b**2 - 88*b + 10. Determine c(-6).
-254
Let r(z) = -z**3 + 29*z**2 + 495*z - 9. Calculate r(41).
114
Let l(o) = -67*o - 357. Calculate l(-5).
-22
Let a(w) = -w**2 + 18*w - 16. What is a(2)?
16
Let s(f) = -15*f + 178. Determine s(20).
-122
Let b(w) = 110*w**3 + 15*w**2 + 2*w. Determine b(-1).
-97
Let s(b) = 8*b**2 + 159*b - 37. Determine s(-20).
-17
Let k(a) = a**2 + 15*a - 2823. Calculate k(-61).
-17
Let n(j) = -3*j**2 + 111*j - 56. Give n(38).
-170
Let a(l) = 3*l**2 - 3*l - 45. Determine a(10).
225
Let n(l) = -l**3 + 13*l**2 + 183*l + 301. Give n(-7).
0
Let a(n) = n**3 - 15*n**2 - 13*n - 15. Determine a(16).
33
Let u(a) = -a**2 + 1184*a + 7145. Determine u(-6).
5
Let x(u) = -67*u - 733. Determine x(-11).
4
Let y(x) = -x**3 + 7*x**2 + 11*x - 320. Give y(0).
-320
Let l(w) = -34*w + 907. Calculate l(21).
193
Let k(t) = -18*t - 116. Determine k(-29).
406
Let n(i) = 13*i - 619. Give n(40).
-99
Let u(t) = 19*t**2 - 435*t - 39. What is u(23)?
7
Let i(n) = -n**3 + 6*n**2 + 15*n - 57. Calculate i(6).
33
Let f(n) = n**3 + n**2 - 76*n - 75. Calculate f(-1).
1
Let w(l) = -6*l**3 + 41*l**2 - 15*l - 78. What is w(6)?
12
Let t(l) = 1955*l + 7984. Determine t(-4).
164
Let n(a) = 1085*a - 5416. What is n(5)?
9
Let f(u) = u**2 + 177*u + 1199. What is f(-7)?
9
Let m(z) = z**3 - 30*z**2 - z + 30. Give m(30).
0
Let u(d) = 130*d - 4159. What is u(30)?
-259
Let y(x) = -x**3 + 142*x**2 + 584*x - 10. Calculate y(146).
-10
Let g(b) = b**3 + 97*b**2 + 2009*b - 36. What is g(-30)?
-6
Let u(a) = -2053*a + 10259. Determine u(5).
-6
Let d(v) = -v**2 - 23*v + 4125. Give d(-77).
-33
Let c(b) = -2*b**2 + 48*b + 22. Determine c(30).
-338
Let p(g) = g**2 - 340*g + 4465. Give p(13).
214
Let k(g) = g - 13. Calculate k(1).
-12
Let h(i) = 3*i**2 + 17*i - 441. Give h(10).
29
Let v(f) = -f**3 - 4*f**2 - 52*f - 189. Calculate v(-4).
19
Let v(c) = -c**2 - 21*c + 4. Give v(-17).
72
Let l(x) = 215*x + 5156. What is l(-24)?
-4
Let h(q) = -q**2 + 42*q - 67. What is h(42)?
-67
Let v(y) = y**2 + 19*y - 1977. What is v(36)?
3
Let b(p) = p**2 - 42*p + 66. Calculate b(33).
-231
Let d(c) = -24*c**2 + 11*c + 10. Determine d(-1).
-25
Let h(o) = 2*o**2 + 119*o + 327. Give h(-3).
-12
Let n(k) = -15*k + 676. Give n(45).
1
Let w(t) = -19*t + 8. Calculate w(7).
-125
Let b(p) = 10*p**3 - 4*p**2 + 19*p - 17